{"id":63,"date":"2019-02-13T21:34:21","date_gmt":"2019-02-13T20:34:21","guid":{"rendered":"https:\/\/dalmatia.spielmannszug-koenigslutter.de\/?page_id=63"},"modified":"2019-05-15T13:26:10","modified_gmt":"2019-05-15T12:26:10","slug":"kontakt","status":"publish","type":"page","link":"https:\/\/www.dalmatia-koenigslutter.de\/?page_id=63","title":{"rendered":"Kontakt"},"content":{"rendered":"\n<h1 class=\"wp-block-heading\"> Tisc\ufeffh\ufeffr\ufeffe\ufeffs\ufeffe\ufeffr\ufeffv\ufeffi\ufeffe\ufeffr\ufeffu\ufeffn\ufeffgsanfragen<\/h1>\n\n\n\n<p>Lieber Gast,<\/p>\n\n\n\n<p>bitte beachten Sie, dass Tischreservierungsanfragen nur pers\u00f6nlich oder telefonisch entgegengenommen werden k\u00f6nnen.<\/p>\n\n\n\n<p>Vielen Dank f\u00fcr Ihr Verst\u00e4ndnis<\/p>\n\n\n\n<p>Telefon 05353 \/ 918 715<\/p>\n","protected":false},"excerpt":{"rendered":"<p>Tisc\ufeffh\ufeffr\ufeffe\ufeffs\ufeffe\ufeffr\ufeffv\ufeffi\ufeffe\ufeffr\ufeffu\ufeffn\ufeffgsanfragen Lieber Gast, bitte beachten Sie, dass Tischreservierungsanfragen nur pers\u00f6nlich oder telefonisch entgegengenommen werden k\u00f6nnen. Vielen Dank f\u00fcr Ihr Verst\u00e4ndnis Telefon 05353 \/ 918 715<\/p>\n<p class=\"continue-reading-button\"> <a class=\"continue-reading-link\" href=\"https:\/\/www.dalmatia-koenigslutter.de\/?page_id=63\">mehr lesen&#8230;<i class=\"crycon-right-dir\"><\/i><\/a><\/p>\n","protected":false},"author":1,"featured_media":0,"parent":0,"menu_order":4,"comment_status":"closed","ping_status":"closed","template":"templates\/template-onecolumn.php","meta":{"footnotes":""},"class_list":["post-63","page","type-page","status-publish","hentry"],"jetpack_shortlink":"https:\/\/wp.me\/PaLtH9-11","jetpack_sharing_enabled":true,"publishpress_future_action":{"enabled":false,"date":"2026-04-23 11:57:12","action":"change-status","newStatus":"draft","terms":[],"taxonomy":"","extraData":[]},"publishpress_future_workflow_manual_trigger":{"enabledWorkflows":[]},"_links":{"self":[{"href":"https:\/\/www.dalmatia-koenigslutter.de\/index.php?rest_route=\/wp\/v2\/pages\/63","targetHints":{"allow":["GET"]}}],"collection":[{"href":"https:\/\/www.dalmatia-koenigslutter.de\/index.php?rest_route=\/wp\/v2\/pages"}],"about":[{"href":"https:\/\/www.dalmatia-koenigslutter.de\/index.php?rest_route=\/wp\/v2\/types\/page"}],"author":[{"embeddable":true,"href":"https:\/\/www.dalmatia-koenigslutter.de\/index.php?rest_route=\/wp\/v2\/users\/1"}],"replies":[{"embeddable":true,"href":"https:\/\/www.dalmatia-koenigslutter.de\/index.php?rest_route=%2Fwp%2Fv2%2Fcomments&post=63"}],"version-history":[{"count":22,"href":"https:\/\/www.dalmatia-koenigslutter.de\/index.php?rest_route=\/wp\/v2\/pages\/63\/revisions"}],"predecessor-version":[{"id":1155,"href":"https:\/\/www.dalmatia-koenigslutter.de\/index.php?rest_route=\/wp\/v2\/pages\/63\/revisions\/1155"}],"wp:attachment":[{"href":"https:\/\/www.dalmatia-koenigslutter.de\/index.php?rest_route=%2Fwp%2Fv2%2Fmedia&parent=63"}],"curies":[{"name":"wp","href":"https:\/\/api.w.org\/{rel}","templated":true}]}}